+ -13 - (10 + -1)).
-68
What is the value of (80 - 133) + 8 + -3 + -3?
-51
What is the value of 4 - (-26 - (-13 - (-2 - 1)))?
20
Calculate -7 - ((-2 - 5) + 36 + -14).
-22
Calculate -58 - (8 - ((10 - 2) + -35 + 30)).
-63
Calculate 28 + (-2 - (-33 + 22)) - 3.
34
0 + 6 + (15 + -116 - -21) - (-1 - 9)
-64
What is 72 - (4 + (9 - 16) + 22)?
53
What is (19 - 13) + 21 + -7 - 32 - -40?
28
Evaluate (-14 - -96) + 228 + -328.
-18
What is the value of -40 - (-4 - (7 + -3) - (-3 - 6))?
-41
Evaluate 10 + -42 + (-6 + 5 + 26 - 11).
-18
73 + -127 + (-5 - -86)
27
What is (0 - 67) + (-1 + (-63 - -55) - (0 - 16))?
-60
Evaluate 9 - ((-39 - 42) + 49).
41
Calculate 43 - (307 + -234) - (-10 + 1 - -1).
-22
What is the value of -34 - (-73 + 24) - 40?
-25
1 + -43 + ((3 - 14) + -21 - -25)
-49
What is the value of (30 - 11) + -26 + (4 - -17) - -39?
53
What is -78 + 0 + -2 + (85 - 43) + 6 + -50?
-82
What is the value of 79 - (6 - 14 - -16) - (10 + -7 + -5)?
73
Calculate -40 + (8 - (14 - (-4 - -8))).
-42
What is the value of 14 + -33 - -6 - -23 - -30?
40
What is the value of 40 + 1 + (48 - 53) + -22?
14
Evaluate (57 + (-2 - 52) - (16 - 1)) + 35.
23
Calculate -6 + 0 - (9 - (25 - (-3 + 29))).
-16
What is -52 + -159 - -202 - (12 + (-3 - (0 + -2)))?
-20
Evaluate (40 - (-11 + -14)) + -56.
9
Evaluate (27 + -22 - 12) + (-8 - ((-4 - 9) + 0)).
-2
(41 - (-46 + 97)) + 11
1
-42 + 81 + -12 + (-75 - -7)
-41
-60 + -33 + (59 - 36)
-70
Evaluate (-4 - -47) + -708 + 647.
-18
Evaluate -84 - (-96 + 101 + -85).
-4
Evaluate (11 - 25) + -6 + -64 - (7 - (2 - -10)).
-79
What is the value of 7 + (-7 - (18 - (3 - (-3 - 0))))?
-12
What is 156 + -209 - (4 - (-6 - -1))?
-62
What is the value of 107 - (38 - (-47 - -20))?
42
Evaluate -63 + (-1 - -2 - (-308 - -296)) + -17.
-67
What is 104 - ((-41 - -110) + -74)?
109
What is -41 - ((-51 - (-44 - -24)) + -46)?
36
What is the value of -20 + 25 - 15 - ((-2 - 44) + -1)?
37
Evaluate (3 - (-6 - (-123 - -117 - (-3 + -1)))) + -55.
-48
(13 - -7 - 35) + (-1 - (-12 - -7)) + 78
67
Calculate 8 + -2 - (18 + (12 - 18)) - (18 + 10).
-34
What is the value of -5 - (-55 + (40 - -41))?
-31
Calculate (900 - 907 - (0 - 13)) + 51.
57
What is 7 + (1 - 2) + (25 - 21) + -43 + 22?
-11
-39 + 5 + 17 + -13
-30
2 + 14 - (10 + (73 + -18 - 11) + 22)
-60
What is the value of (-2 - -5) + -11 + (21 - 13) - -38?
38
Evaluate -19 - (-51 + 24 - -27 - 42).
23
-39 + 97 + -4 + 20 + -55
19
What is the value of -73 + 77 + (-10 + 7 - 27)?
-26
0 + -18 + 40 + -17
5
Evaluate 222 + -226 + (21 - 1).
16
Evaluate (-3 - (7 - -3)) + (-5 - -7 - (8 - 2)).
-17
Calculate -72 - (-55 - (-83 + 24)).
-76
Evaluate -7 + (2 - (-55 + 0 + -58 + 69)).
39
Evaluate -9 - -8 - (2 + 6) - (4 + (22 - 79)).
44
Evaluate -7 - ((-23 - 0) + (-412 - -438)).
-10
Calculate (9 + -2 + (6 - 5) - 10) + 26 + 8.
32
Evaluate 71 + -104 + (-4 + 1 - (3 + 4)).
-43
(74 - 7) + 61 + -32
96
Evaluate (62 - 45) + 37 + 5.
59
What is -25 - (14 - (11 - 7 - ((9 - 6) + 0)))?
-38
What is the value of (1 + 0 - -20) + (10 - 20) - -34?
45
Evaluate (0 - -28) + ((-50 - -18) + 75 - 33).
38
Calculate -19 - 16 - -23 - (-2 + 6 + -45).
29
Calculate -84 - ((-39 - 111) + 14).
52
What is the value of -21 + -1 + (-9 - ((3 - 16) + -13 + 18))?
-23
Evaluate 3 - ((57 - -68) + 1 + -5 - (-68 - -69)).
-117
What is the value of 7 + (28 + -2 + -20 - (1 + -38))?
50
0 + -11 + 58 + (23 - (-16 + 55))
31
What is the value of (-6 - -3) + (-2 - (94 - 12))?
-87
Evaluate 48 - 34 - (0 - 33) - -17.
64
(12 - (19 - -10)) + 9 + (34 - -4 - -4)
34
Calculate 13 + -28 + 60 + (-1 - -1) + 0.
45
(-6 - 3) + (-16 - 26 - -11)
-40
What is the value of (-34 - -14) + 28 - 19 - 56?
-67
What is the value of -32 - -25 - (8 - (-1 + 6))?
-10
54 + -32 - -29 - (0 - -8)
43
What is the value of -115 - (14 + -13 - 65)?
-51
Calculate 87 + 30 - (8 + 10) - (-7 + 12).
94
What is the value of 56 - (29 + 57 - 13)?
-17
Calculate (22 - 31 - (-2 - 56)) + (-12 - (0 - 7)).
44
Evaluate -77 + 66 + (-8 - -44).
25
What is (-8 - 2 - ((-22 + 17 - 12) + 15)) + -77?
-85
Evaluate -73 + 133 + -92 + 2 + -77.
-107
Evaluate -27 + 103 + 20 + 24 + -20.
100
-128 + 75 + (2 - -15) + -19
-55
Evaluate 2 - (-101 - (-224 - -100)).
-21
Evaluate (26 - 15) + (-32 - (5 + -9 + 10 + 4)).
-31
3 - ((-21 - -78) + -92)
38
Calculate 99 + -8 - -40 - 78.
53
What is (-178 - -69) + 59 + 10?
-40
What is (0 - (1 - 54 - -8)) + (-23 - -26)?
48
-80 - (41 + -65 - 71)
15
Evaluate -17 + 14 + (-7 - (-17 - -5)) - 14.
-12
What is the value of -190 + 169 - 3 - -137?
113
What is 7803 + -7842 + (-2 - -2 - -1)?
-38
What is the value of 14 + 41 + -39 - (11 + -1)?
6
-21 - (-19 - (4 - (-16 - -51)) - 69)
36
What is 7 + (-92 - -4) + (-12 - -18) + 1 + 10?
-64
Evaluate -53 - (-20 - -50 - 69).
-14
Calculate (24 - 15 - -16) + 14 + (-17 - 7).
15
(-1 - 58) + -3 + 29
-33
What is 859 + -839 - (50 + 1) - -36?
5
Calculate (15 - -1) + (8 - 0 - (16 + 12)).
-4
31 - (-33 - -53 - -17)
-6
What is -40 - ((-33 - (-7 - 6)) + 10) - 12?
-42
What is (0 - -38) + (22 - 51) + 23?
32
Evaluate 59 + -9 + -35 + 29 + 32.
76
What is the value of 146 - (168 - 120) - 21?
77
What is ((-31 - -20) + (12 - 1) - (-87 + 21)) + 4?
70
Evaluate -1 + 1 + -2 + 21 - (8470 - 8467).
16
What is (6 + (8 - 19) - -4) + -4 + (3 - -67)?
65
What is the value of 3 + 2 - (3 - (-29 + -54 + -10))?
-91
What is the value of 3 + 4 + (23 - (-2 - -7)) + -45?
-20
What is the value of -3 + -114 + 15 + 116?
14
Evaluate -30 + (75 - 17 - -13).
41
(54 - 153) + 96 + 21 + -1 + 2
19
Calculate (-21 - (-3 - -65)) + 72.
-11
Evaluate 3 + (-14 + -9 + 24 - (2 + 9)).
-7
(-1 - -53) + (1 - (0 + 3)) + -10 + 3
43
What is the value of -67 + 22 + -32 + 160?
83
Calculate -4 - (-7 - -18 - (-12 - -23)).
-4
What is 4 - (-36 + -19) - 11?
48
What is -67 - (1 + 0) - (23 - (-4 - (-36 - -10)))?
-69
What is the value of -71 + 446 + -294 - (-2 + 3 + -11)?
91
What is the value of -5 + 12 + -61 + (2 - 5) - (-3 - -1)?
-55
What is 0 + 44 - ((-34 - -91) + -30)?
17
Evaluate 18 + -59 + 27 + 120.
106
Evaluate (20 - 0 - 5) + 8 + -94 + 21 - -14.
-36
What is the value of -4 + -7 + 9 + (67 - (23 + 9))?
33
What is (65 - 23 - (-4 - (2 - (5 + -6)))) + 1?
50
2 + -3 + 453 + -471 + 3 + (-1 - -59)
42
What is -1099 - -1073 - (0 + 3 - (1 - 0))?
-28
What is (8 + 11 - (15 + 14)) + -2 + 56 + -2?
42
What is -11 - ((28 - (26 + 3)) + -13)?
3
Evaluate (57 - 12 - 24) + -3 + -37.
-19
What is (23 - -4 - (1 - -1)) + 0 + 27 + -31?
21
Calculate (-9 - (7 + 2 - 3) - -1) + 22 + -6.
2
32 - -1 - (-8 + 3 + 17 - (21 + -7))
35
What is 11 + (-73 - -54) + 0 + -4 - -53?
41
Evaluate 11 + -21 + -1 + 34.
23
What is (2 - 1 - (-21 - -36)) + 14 + -55?
-55
Calculate (-31 + -30 + 86 - 22) + -40 + 0.
-37
Calculate -42 - (95 + -40 + -70).
-27
Evaluate -42 + 0 - (-7275 - -7318).
-85
What is -155 + 153 + (13 - (1 - 2)) - (2 - -3)?
7
What is the value of -6 + (4 - -30) + -98?
-70
Calculate (-34 - (-15 + -4) - -29) + (87 - -4).
105
Evaluate (-12 - (34 - 70)) + -86 + 3.
-59
What is the value of -8 + (-50 - -49) - (2 - 23) - 1?
11
-126 - (23 + -207) - (-1 + 4)
55
What is (49 - 20) + 91 + -121?
-1
Evaluate 18 - (44 + (-8 + 1 - -7)).
-26
Evaluate 153 - 86 - 80 - (17 - 2).
-28
What is the value of -2 + 51 - 1 - (-15221 - -15208)?
61
Evaluate -21 + (-66 - -84) - (4 - (4 - 1) - 69).
65
42 + 1 - (159 + -142 - -18)
8
What is the value of (2 - 60) + 3 + 5?
-50
Calculate -4 - 5 - (-79 + 67) - (3 - 76).
76
What is 14 + (-1690 - -1626 - (11 + (1 - 2) + -2))?
-58
Evaluate (24 - 108) + -38 - -60.
-62
What is 166 + -170 - (-49 - 13) - (9 + (-1 - 0))?
50
Evaluate (-4 - -2) + -47 + (-64 - -9).
-104
Evaluate (74 - 41) + (240 - 214).
59
Evaluate (-1 - -49) + (-20 - (13 + (-26 - -21 - 29))).
49
What is the value of -74 - (-47 - 69) - 34?
8
What is 26 + -112 + 68 + 11?
-7
What is -36 + (-528 + 518 - (1 + -2 - 10))?
-35
What is the value of 92 + -164 + 88 - (55 - 2 - (1 + 2))?
-34
Calculate (183 - 55 - 102) + 82.
108
What is -31 - (45 + (33 - 80) - (5 - 0))?
-24
Calculate -12 + 8 + (22 + 51 - 68).
1
-18 + 14 + 14 + (14 - (134 + 0))
-110
Calculate -6 + 5 - (-178 + 150) - 65.
-38
Evaluate 24 + (-2 - (-4 - 0 - (-2 - -2))) + 2.
28
What is (-213 - 75) + 301 + (46 - (0 + -2))?
61
What is -126 + -36 + 36 + 9 + (3 - -2)?
-112
What is (-12 + -2 - -61) + -27 + 21?
41
What is 49 + 16 - 29 - 73 - (8 + -1)?
-44
What is the value of -6 - (10 + -20 - 6 - -64)?
-54
Calculate 